{"version":"1.0","provider_name":"R\u00e0dio Litoral","provider_url":"https:\/\/radiolitoral.com\/ca","title":"L'Ajuntament de Benissa anuncia una rebaixa de l'IBI a 2025 | R\u00e0dio Litoral","type":"rich","width":600,"height":338,"html":"<blockquote class=\"wp-embedded-content\" data-secret=\"qK8ugYQ0Lk\"><a href=\"https:\/\/radiolitoral.com\/ca\/2024\/09\/benissa-rebaixa-libi-2025\/\">L&#039;Ajuntament de Benissa anuncia una rebaixa de l&#039;IBI el 2025<\/a><\/blockquote><iframe sandbox=\"allow-scripts\" security=\"restricted\" src=\"https:\/\/radiolitoral.com\/ca\/2024\/09\/benissa-rebaixa-libi-2025\/embed\/#?secret=qK8ugYQ0Lk\" width=\"600\" height=\"338\" title=\"\u201cL&#039;Ajuntament de Benissa anuncia una rebaixa de l&#039;IBI al 2025\u201d \u2014 R\u00e0dio Litoral\" data-secret=\"qK8ugYQ0Lk\" frameborder=\"0\" marginwidth=\"0\" marginheight=\"0\" scrolling=\"no\" class=\"wp-embedded-content\"><\/iframe><script>\n\/*! This file is auto-generated *\/\n!function(d,l){\"use strict\";l.querySelector&&d.addEventListener&&\"undefined\"!=typeof URL&&(d.wp=d.wp||{},d.wp.receiveEmbedMessage||(d.wp.receiveEmbedMessage=function(e){var t=e.data;if((t||t.secret||t.message||t.value)&&!\/[^a-zA-Z0-9]\/.test(t.secret)){for(var s,r,n,a=l.querySelectorAll('iframe[data-secret=\"'+t.secret+'\"]'),o=l.querySelectorAll('blockquote[data-secret=\"'+t.secret+'\"]'),c=new RegExp(\"^https?:$\",\"i\"),i=0;i<o.length;i++)o[i].style.display=\"none\";for(i=0;i<a.length;i++)s=a[i],e.source===s.contentWindow&&(s.removeAttribute(\"style\"),\"height\"===t.message?(1e3<(r=parseInt(t.value,10))?r=1e3:~~r<200&&(r=200),s.height=r):\"link\"===t.message&&(r=new URL(s.getAttribute(\"src\")),n=new URL(t.value),c.test(n.protocol))&&n.host===r.host&&l.activeElement===s&&(d.top.location.href=t.value))}},d.addEventListener(\"message\",d.wp.receiveEmbedMessage,!1),l.addEventListener(\"DOMContentLoaded\",function(){for(var e,t,s=l.querySelectorAll(\"iframe.wp-embedded-content\"),r=0;r<s.length;r++)(t=(e=s[r]).getAttribute(\"data-secret\"))||(t=Math.random().toString(36).substring(2,12),e.src+=\"#?secret=\"+t,e.setAttribute(\"data-secret\",t)),e.contentWindow.postMessage({message:\"ready\",secret:t},\"*\")},!1)))}(window,document);\n\/\/# sourceURL=https:\/\/radiolitoral.com\/wp-includes\/js\/wp-embed.min.js\n<\/script>","thumbnail_url":"https:\/\/media.radiolitoral.com\/wp-content\/uploads\/2024\/03\/11144700\/Benissa.-Ayuntamiento-balcon.jpg","thumbnail_width":670,"thumbnail_height":395,"description":"L'equip de govern, del PP, est\u00e0 treballant en l'elaboraci\u00f3 del seu Pressupost Municipal per al pr\u00f2xim exercici L'equip de govern, del PP, est\u00e0 treballant en l'elaboraci\u00f3 del seu Pressupost Municipal per al pr\u00f2xim exercici"}

Ràdio Litoral

L'Ajuntament de Benissa anuncia una rebaixa de l'IBI a 2025 | Ràdio Litoral

<blockquote class="wp-embedded-content" data-secret="qK8ugYQ0Lk"><a href="https://radiolitoral.com/ca/2024/09/benissa-rebaixa-libi-2025/">L&#039;Ajuntament de Benissa anuncia una rebaixa de l&#039;IBI el 2025</a></blockquote><iframe sandbox="allow-scripts" security="restricted" src="https://radiolitoral.com/ca/2024/09/benissa-rebaixa-libi-2025/embed/#?secret=qK8ugYQ0Lk" width="600" height="338" title="“L&#039;Ajuntament de Benissa anuncia una rebaixa de l&#039;IBI al 2025” — Ràdio Litoral" data-secret="qK8ugYQ0Lk" frameborder="0" marginwidth="0" marginheight="0" scrolling="no" class="wp-embedded-content"></iframe><script>
/*! This file is auto-generated */
!function(d,l){"use strict";l.querySelector&&d.addEventListener&&"undefined"!=typeof URL&&(d.wp=d.wp||{},d.wp.receiveEmbedMessage||(d.wp.receiveEmbedMessage=function(e){var t=e.data;if((t||t.secret||t.message||t.value)&&!/[^a-zA-Z0-9]/.test(t.secret)){for(var s,r,n,a=l.querySelectorAll('iframe[data-secret="'+t.secret+'"]'),o=l.querySelectorAll('blockquote[data-secret="'+t.secret+'"]'),c=new RegExp("^https?:$","i"),i=0;i<o.length;i++)o[i].style.display="none";for(i=0;i<a.length;i++)s=a[i],e.source===s.contentWindow&&(s.removeAttribute("style"),"height"===t.message?(1e3<(r=parseInt(t.value,10))?r=1e3:~~r<200&&(r=200),s.height=r):"link"===t.message&&(r=new URL(s.getAttribute("src")),n=new URL(t.value),c.test(n.protocol))&&n.host===r.host&&l.activeElement===s&&(d.top.location.href=t.value))}},d.addEventListener("message",d.wp.receiveEmbedMessage,!1),l.addEventListener("DOMContentLoaded",function(){for(var e,t,s=l.querySelectorAll("iframe.wp-embedded-content"),r=0;r<s.length;r++)(t=(e=s[r]).getAttribute("data-secret"))||(t=Math.random().toString(36).substring(2,12),e.src+="#?secret="+t,e.setAttribute("data-secret",t)),e.contentWindow.postMessage({message:"ready",secret:t},"*")},!1)))}(window,document);
//# sourceURL=https://radiolitoral.com/wp-includes/js/wp-embed.min.js
</script>

L'equip de govern, del PP, està treballant en l'elaboració del seu Pressupost Municipal per al pròxim exercici L'equip de govern, del PP, està treballant en l'elaboració del seu Pressupost Municipal per al pròxim exercici
